{"id":632,"date":"2020-05-18T08:37:13","date_gmt":"2020-05-18T08:37:13","guid":{"rendered":"http:\/\/bevotech.com\/home\/?page_id=632"},"modified":"2020-06-04T19:46:27","modified_gmt":"2020-06-04T19:46:27","slug":"controlo-de-acessos","status":"publish","type":"page","link":"https:\/\/bevotech.com\/home\/controlo-de-acessos\/","title":{"rendered":"Controlo de Acessos e Alarme"},"content":{"rendered":"<div id=\"pl-632\"  class=\"panel-layout\" ><div id=\"pg-632-0\"  class=\"panel-grid panel-has-style\" ><div class=\"siteorigin-panels-stretch panel-row-style panel-row-style-for-632-0\" style=\"padding: 0px 0; \" data-stretch-type=\"full-stretched\" data-overlay=\"true\" data-overlay-color=\"#000000\" ><div id=\"pgc-632-0-0\"  class=\"panel-grid-cell\" ><div id=\"panel-632-0-0-0\" class=\"so-panel widget widget_sow-image panel-first-child panel-last-child\" data-index=\"0\" ><div style=\"text-align: left;\" data-title-color=\"#443f3f\" data-headings-color=\"#443f3f\" class=\"panel-widget-style panel-widget-style-for-632-0-0-0\" ><div\n\t\t\t\n\t\t\tclass=\"so-widget-sow-image so-widget-sow-image-default-c67d20f9f743-632\"\n\t\t\t\n\t\t>\n<div class=\"sow-image-container\">\n\t\t<img \n\tsrc=\"https:\/\/bevotech.com\/home\/wp-content\/uploads\/2020\/06\/header_controlo_de_acessos.png\" width=\"4267\" height=\"893\" srcset=\"https:\/\/bevotech.com\/home\/wp-content\/uploads\/2020\/06\/header_controlo_de_acessos.png 4267w, https:\/\/bevotech.com\/home\/wp-content\/uploads\/2020\/06\/header_controlo_de_acessos-300x63.png 300w, https:\/\/bevotech.com\/home\/wp-content\/uploads\/2020\/06\/header_controlo_de_acessos-1024x214.png 1024w, https:\/\/bevotech.com\/home\/wp-content\/uploads\/2020\/06\/header_controlo_de_acessos-768x161.png 768w, https:\/\/bevotech.com\/home\/wp-content\/uploads\/2020\/06\/header_controlo_de_acessos-1536x321.png 1536w, https:\/\/bevotech.com\/home\/wp-content\/uploads\/2020\/06\/header_controlo_de_acessos-2048x429.png 2048w, https:\/\/bevotech.com\/home\/wp-content\/uploads\/2020\/06\/header_controlo_de_acessos-830x174.png 830w, https:\/\/bevotech.com\/home\/wp-content\/uploads\/2020\/06\/header_controlo_de_acessos-230x48.png 230w, https:\/\/bevotech.com\/home\/wp-content\/uploads\/2020\/06\/header_controlo_de_acessos-350x73.png 350w, https:\/\/bevotech.com\/home\/wp-content\/uploads\/2020\/06\/header_controlo_de_acessos-480x100.png 480w\" sizes=\"(max-width: 4267px) 100vw, 4267px\" title=\"Solu\u00e7\u00e3o de Controlo de Acessos e Alarme\" alt=\"Solu\u00e7\u00e3o e Controlo de Acessos e Alarme\" \t\tclass=\"so-widget-image\"\/>\n\t<\/div>\n\n<\/div><\/div><\/div><\/div><\/div><\/div><div id=\"pg-632-1\"  class=\"panel-grid panel-has-style\" ><div style=\"padding: 0px 0; \" data-overlay=\"true\" data-overlay-color=\"#000000\" class=\"panel-row-style panel-row-style-for-632-1\" ><div id=\"pgc-632-1-0\"  class=\"panel-grid-cell\" ><div id=\"panel-632-1-0-0\" class=\"so-panel widget widget_sow-editor panel-first-child panel-last-child\" data-index=\"1\" ><div style=\"text-align: left;\" data-title-color=\"#443f3f\" data-headings-color=\"#443f3f\" class=\"panel-widget-style panel-widget-style-for-632-1-0-0\" ><div\n\t\t\t\n\t\t\tclass=\"so-widget-sow-editor so-widget-sow-editor-base\"\n\t\t\t\n\t\t>\n<div class=\"siteorigin-widget-tinymce textwidget\">\n\t<h3>Solu\u00e7\u00e3o de Controlo de Acessos e Alarme<\/h3>\n<\/div>\n<\/div><\/div><\/div><\/div><\/div><\/div><div id=\"pg-632-2\"  class=\"panel-grid panel-has-style\" ><div style=\"padding: 0px 0; \" data-overlay=\"true\" data-overlay-color=\"#000000\" class=\"panel-row-style panel-row-style-for-632-2\" ><div id=\"pgc-632-2-0\"  class=\"panel-grid-cell\" ><div id=\"panel-632-2-0-0\" class=\"so-panel widget widget_sow-editor panel-first-child panel-last-child\" data-index=\"2\" ><div style=\"text-align: left;\" data-title-color=\"#443f3f\" data-headings-color=\"#443f3f\" class=\"panel-widget-style panel-widget-style-for-632-2-0-0\" ><div\n\t\t\t\n\t\t\tclass=\"so-widget-sow-editor so-widget-sow-editor-base\"\n\t\t\t\n\t\t>\n<div class=\"siteorigin-widget-tinymce textwidget\">\n\t<p style=\"text-align: justify;\">A introdu\u00e7\u00e3o de novas tecnologias na \u00e1rea do Controlo e Gest\u00e3o de Acesso veio trazer uma grande variedade de solu\u00e7\u00f5es inovadoras. Solu\u00e7\u00f5es que se baseiam em novas tecnologias de autentica\u00e7\u00e3o biom\u00e9trica, como impress\u00e3o digital, reconhecimento facial, e autentica\u00e7\u00e3o por RFID e NFC. Estas solu\u00e7\u00f5es vieram para simplificar a gest\u00e3o e alargamento de acessos a zonas restritas, instala\u00e7\u00f5es privadas ou at\u00e9 mesmo acesso a \u00e1reas de equipamento ou material sens\u00edvel. A solu\u00e7\u00e3o, \u00e9 um sistema autom\u00e1tico de controlo e gest\u00e3o de acesso por porta, cancela, torniquete ou outro tipo de barramento f\u00edsico ou sonoro. Permite o total controlo e monitoriza\u00e7\u00e3o da entrada e sa\u00edda de pessoas. A solu\u00e7\u00e3o Controlo de Acessos consegue a total integra\u00e7\u00e3o de todos os terminais e perif\u00e9ricos num sistema \u00fanico de monitoriza\u00e7\u00e3o, sendo esta solu\u00e7\u00e3o integrada com o sistema de alarme.<\/p>\n<\/div>\n<\/div><\/div><\/div><\/div><div id=\"pgc-632-2-1\"  class=\"panel-grid-cell\" ><div id=\"panel-632-2-1-0\" class=\"so-panel widget widget_sow-image panel-first-child panel-last-child\" data-index=\"3\" ><div style=\"text-align: left;\" data-title-color=\"#443f3f\" data-headings-color=\"#443f3f\" class=\"panel-widget-style panel-widget-style-for-632-2-1-0\" ><div\n\t\t\t\n\t\t\tclass=\"so-widget-sow-image so-widget-sow-image-default-8b5b6f678277-632\"\n\t\t\t\n\t\t>\n<div class=\"sow-image-container\">\n\t\t<img \n\tsrc=\"https:\/\/bevotech.com\/home\/wp-content\/uploads\/2020\/06\/segmentos_controloAcessoAlarme-1-480x353.png\" width=\"480\" height=\"353\" srcset=\"https:\/\/bevotech.com\/home\/wp-content\/uploads\/2020\/06\/segmentos_controloAcessoAlarme-1-480x353.png 480w, https:\/\/bevotech.com\/home\/wp-content\/uploads\/2020\/06\/segmentos_controloAcessoAlarme-1-300x220.png 300w, https:\/\/bevotech.com\/home\/wp-content\/uploads\/2020\/06\/segmentos_controloAcessoAlarme-1-1024x752.png 1024w, https:\/\/bevotech.com\/home\/wp-content\/uploads\/2020\/06\/segmentos_controloAcessoAlarme-1-768x564.png 768w, https:\/\/bevotech.com\/home\/wp-content\/uploads\/2020\/06\/segmentos_controloAcessoAlarme-1-1536x1129.png 1536w, https:\/\/bevotech.com\/home\/wp-content\/uploads\/2020\/06\/segmentos_controloAcessoAlarme-1-2048x1505.png 2048w, https:\/\/bevotech.com\/home\/wp-content\/uploads\/2020\/06\/segmentos_controloAcessoAlarme-1-830x610.png 830w, https:\/\/bevotech.com\/home\/wp-content\/uploads\/2020\/06\/segmentos_controloAcessoAlarme-1-230x169.png 230w, https:\/\/bevotech.com\/home\/wp-content\/uploads\/2020\/06\/segmentos_controloAcessoAlarme-1-350x257.png 350w\" sizes=\"(max-width: 480px) 100vw, 480px\" title=\"Solu\u00e7\u00e3o de Controlo de Acessos\" alt=\"Solu\u00e7\u00e3o de Controlo de Acessos\" \t\tclass=\"so-widget-image\"\/>\n\t<\/div>\n\n<\/div><\/div><\/div><\/div><\/div><\/div><div id=\"pg-632-3\"  class=\"panel-grid panel-has-style\" ><div style=\"padding: 0px 0; \" data-overlay=\"true\" data-overlay-color=\"#000000\" class=\"panel-row-style panel-row-style-for-632-3\" ><div id=\"pgc-632-3-0\"  class=\"panel-grid-cell\" ><div id=\"panel-632-3-0-0\" class=\"so-panel widget widget_sow-image panel-first-child panel-last-child\" data-index=\"4\" ><div style=\"text-align: left;\" data-title-color=\"#443f3f\" data-headings-color=\"#443f3f\" class=\"panel-widget-style panel-widget-style-for-632-3-0-0\" ><div\n\t\t\t\n\t\t\tclass=\"so-widget-sow-image so-widget-sow-image-default-c67d20f9f743-632\"\n\t\t\t\n\t\t>\n<div class=\"sow-image-container\">\n\t\t<img \n\tsrc=\"https:\/\/bevotech.com\/home\/wp-content\/uploads\/2020\/05\/20191107_121305-150x150.jpg\" width=\"150\" height=\"150\" sizes=\"(max-width: 150px) 100vw, 150px\" title=\"20191107_121305\" alt=\"\" \t\tclass=\"so-widget-image\"\/>\n\t<\/div>\n\n<\/div><\/div><\/div><\/div><div id=\"pgc-632-3-1\"  class=\"panel-grid-cell\" ><div id=\"panel-632-3-1-0\" class=\"so-panel widget widget_sow-image panel-first-child panel-last-child\" data-index=\"5\" ><div style=\"text-align: left;\" data-title-color=\"#443f3f\" data-headings-color=\"#443f3f\" class=\"panel-widget-style panel-widget-style-for-632-3-1-0\" ><div\n\t\t\t\n\t\t\tclass=\"so-widget-sow-image so-widget-sow-image-default-c67d20f9f743-632\"\n\t\t\t\n\t\t>\n<div class=\"sow-image-container\">\n\t\t<img \n\tsrc=\"https:\/\/bevotech.com\/home\/wp-content\/uploads\/2020\/05\/SIBTOWEREntrada-1-scaled-e1589975950711-150x150.jpg\" width=\"150\" height=\"150\" sizes=\"(max-width: 150px) 100vw, 150px\" title=\"SIBTOWEREntrada\" alt=\"\" \t\tclass=\"so-widget-image\"\/>\n\t<\/div>\n\n<\/div><\/div><\/div><\/div><div id=\"pgc-632-3-2\"  class=\"panel-grid-cell\" ><div id=\"panel-632-3-2-0\" class=\"so-panel widget widget_sow-image panel-first-child panel-last-child\" data-index=\"6\" ><div style=\"text-align: left;\" data-title-color=\"#443f3f\" data-headings-color=\"#443f3f\" class=\"panel-widget-style panel-widget-style-for-632-3-2-0\" ><div\n\t\t\t\n\t\t\tclass=\"so-widget-sow-image so-widget-sow-image-default-c67d20f9f743-632\"\n\t\t\t\n\t\t>\n<div class=\"sow-image-container\">\n\t\t<img \n\tsrc=\"https:\/\/bevotech.com\/home\/wp-content\/uploads\/2020\/05\/SpaceReaderExteriorAcrilico1-150x150.jpg\" width=\"150\" height=\"150\" sizes=\"(max-width: 150px) 100vw, 150px\" alt=\"\" \t\tclass=\"so-widget-image\"\/>\n\t<\/div>\n\n<\/div><\/div><\/div><\/div><div id=\"pgc-632-3-3\"  class=\"panel-grid-cell\" ><div id=\"panel-632-3-3-0\" class=\"so-panel widget widget_sow-image panel-first-child panel-last-child\" data-index=\"7\" ><div style=\"text-align: left;\" data-title-color=\"#443f3f\" data-headings-color=\"#443f3f\" class=\"panel-widget-style panel-widget-style-for-632-3-3-0\" ><div\n\t\t\t\n\t\t\tclass=\"so-widget-sow-image so-widget-sow-image-default-c67d20f9f743-632\"\n\t\t\t\n\t\t>\n<div class=\"sow-image-container\">\n\t\t<img \n\tsrc=\"https:\/\/bevotech.com\/home\/wp-content\/uploads\/2020\/05\/DSC00152-150x150.jpg\" width=\"150\" height=\"150\" sizes=\"(max-width: 150px) 100vw, 150px\" alt=\"\" \t\tclass=\"so-widget-image\"\/>\n\t<\/div>\n\n<\/div><\/div><\/div><\/div><div id=\"pgc-632-3-4\"  class=\"panel-grid-cell\" ><div id=\"panel-632-3-4-0\" class=\"so-panel widget widget_sow-image panel-first-child panel-last-child\" data-index=\"8\" ><div style=\"text-align: left;\" data-title-color=\"#443f3f\" data-headings-color=\"#443f3f\" class=\"panel-widget-style panel-widget-style-for-632-3-4-0\" ><div\n\t\t\t\n\t\t\tclass=\"so-widget-sow-image so-widget-sow-image-default-c67d20f9f743-632\"\n\t\t\t\n\t\t>\n<div class=\"sow-image-container\">\n\t\t<img \n\tsrc=\"https:\/\/bevotech.com\/home\/wp-content\/uploads\/2020\/05\/DSC04538-150x150.jpg\" width=\"150\" height=\"150\" sizes=\"(max-width: 150px) 100vw, 150px\" alt=\"\" \t\tclass=\"so-widget-image\"\/>\n\t<\/div>\n\n<\/div><\/div><\/div><\/div><div id=\"pgc-632-3-5\"  class=\"panel-grid-cell\" ><div id=\"panel-632-3-5-0\" class=\"so-panel widget widget_sow-image panel-first-child panel-last-child\" data-index=\"9\" ><div style=\"text-align: left;\" data-title-color=\"#443f3f\" data-headings-color=\"#443f3f\" class=\"panel-widget-style panel-widget-style-for-632-3-5-0\" ><div\n\t\t\t\n\t\t\tclass=\"so-widget-sow-image so-widget-sow-image-default-c67d20f9f743-632\"\n\t\t\t\n\t\t>\n<div class=\"sow-image-container\">\n\t\t<img \n\tsrc=\"https:\/\/bevotech.com\/home\/wp-content\/uploads\/2020\/05\/avtech-sysconface-sono-eqc-e1590691717146-150x150.jpg\" width=\"150\" height=\"150\" sizes=\"(max-width: 150px) 100vw, 150px\" title=\"avtech-sysconface-sono-eqc\" alt=\"\" \t\tclass=\"so-widget-image\"\/>\n\t<\/div>\n\n<\/div><\/div><\/div><\/div><\/div><\/div><div id=\"pg-632-4\"  class=\"panel-grid panel-has-style\" ><div style=\"padding: 20px 0; \" data-overlay=\"true\" data-overlay-color=\"#000000\" class=\"panel-row-style panel-row-style-for-632-4\" ><div id=\"pgc-632-4-0\"  class=\"panel-grid-cell\" ><div id=\"panel-632-4-0-0\" class=\"so-panel widget widget_sow-editor panel-first-child panel-last-child\" data-index=\"10\" ><div style=\"text-align: left;\" data-title-color=\"#443f3f\" data-headings-color=\"#443f3f\" class=\"panel-widget-style panel-widget-style-for-632-4-0-0\" ><div\n\t\t\t\n\t\t\tclass=\"so-widget-sow-editor so-widget-sow-editor-base\"\n\t\t\t\n\t\t>\n<div class=\"siteorigin-widget-tinymce textwidget\">\n\t<p style=\"text-align: justify;\">\u00c9 uma solu\u00e7\u00e3o criada totalmente pela Bevotech, que tendo sido idealizada para operar numa plataforma \u00fanica \u00e9, no entanto, totalmente compat\u00edvel com todas as restantes solu\u00e7\u00f5es Bevotech. \u00c9 uma solu\u00e7\u00e3o criada para se adaptar e colmatar as necessidades reais dos nossos clientes. Apresenta-se em v\u00e1rias vers\u00f5es, desde a mais simples at\u00e9 \u00e0 mais exigente ou complexa. Possui v\u00e1rios meios de autentica\u00e7\u00e3o, desde o cart\u00e3o RFID, at\u00e9 \u00e0 capacidade de reconhecimento atrav\u00e9s de Biometria (Impress\u00e3o Digital, Reconhecimento Facial).<\/p>\n<\/div>\n<\/div><\/div><\/div><\/div><\/div><\/div><\/div>","protected":false},"excerpt":{"rendered":"<p>Solu\u00e7\u00e3o de Controlo de Acessos e Alarme<\/p>\n","protected":false},"author":1,"featured_media":0,"parent":0,"menu_order":0,"comment_status":"closed","ping_status":"closed","template":"page-templates\/page_fullwidth.php","meta":{"footnotes":""},"class_list":["post-632","page","type-page","status-publish","hentry"],"_links":{"self":[{"href":"https:\/\/bevotech.com\/home\/wp-json\/wp\/v2\/pages\/632","targetHints":{"allow":["GET"]}}],"collection":[{"href":"https:\/\/bevotech.com\/home\/wp-json\/wp\/v2\/pages"}],"about":[{"href":"https:\/\/bevotech.com\/home\/wp-json\/wp\/v2\/types\/page"}],"author":[{"embeddable":true,"href":"https:\/\/bevotech.com\/home\/wp-json\/wp\/v2\/users\/1"}],"replies":[{"embeddable":true,"href":"https:\/\/bevotech.com\/home\/wp-json\/wp\/v2\/comments?post=632"}],"version-history":[{"count":95,"href":"https:\/\/bevotech.com\/home\/wp-json\/wp\/v2\/pages\/632\/revisions"}],"predecessor-version":[{"id":1739,"href":"https:\/\/bevotech.com\/home\/wp-json\/wp\/v2\/pages\/632\/revisions\/1739"}],"wp:attachment":[{"href":"https:\/\/bevotech.com\/home\/wp-json\/wp\/v2\/media?parent=632"}],"curies":[{"name":"wp","href":"https:\/\/api.w.org\/{rel}","templated":true}]}}